 -3*a + 10912 = 5*s + 2578. Suppose -s - 9808 = -7*o. What is the units digit of o?
9
Let o = 47694 + -13658. What is the tens digit of o?
3
Let k = -22 - -27. Suppose k*o = -0*o + 305. Let j = o + -57. What is the units digit of j?
4
Suppose -2*h + 3 - 13 = 0, 0 = 4*s + 2*h - 118. Let w = -140 + s. Let n = w - -175. What is the units digit of n?
7
Let r = 4728 + -4513. Let o = -274 + 145. Let f = o + r. What is the units digit of f?
6
Suppose 36973 - 267763 = -35*t. What is the hundreds digit of t?
5
What is the hundreds digit of (-523)/(-4 + ((-2)/(-5))/((-24)/(-210)))?
0
Let p(m) = 69*m + 4027. What is the hundreds digit of p(-31)?
8
Let s = 10109 - 6963. What is the hundreds digit of s?
1
Let u = -139088 + 222435. What is the units digit of u?
7
Suppose 0*c + 590 = -5*c. Let h be ((-2)/(8/4))/((-3)/705). Let u = h + c. What is the tens digit of u?
1
Let q(r) = -3*r**3 + 4*r**2 + 5*r + 14. Let v be q(-9). Suppose -7*o = -v + 128. What is the hundreds digit of o?
3
Suppose -3*k + 10*d = 9*d - 12, 2*d = 4*k - 18. Let x = 228 + k. What is the hundreds digit of x?
2
Let p(a) = 89*a**2 + 4*a + 141. What is the units digit of p(-16)?
1
Suppose -174*d - 78063 = -179*d + 4*x, -2*x - 62454 = -4*d. What is the tens digit of d?
1
Let j(v) = v**3 - 6*v**2 + 14*v - 42. Let l be j(5). Suppose l*u = 4*w + 1464, 3*u - 1479 = -3*w + 2*w. What is the tens digit of u?
9
Let i = 746 + -331. Suppose 4*k + 124 = h - i, 2*h + k - 1060 = 0. What is the tens digit of h?
3
Let b = -2295 - -3286. What is the hundreds digit of b + (3/6 - (-44)/(-8))?
9
Suppose -302*d + 870343 = -2461925. What is the tens digit of d?
3
Let x(s) = 9*s + 2*s + 11 - s**2 - 7. Let n be x(11). Suppose 0 = f + 5*g - 21, -f + n*g = -21 - 9. What is the units digit of f?
6
Suppose 129072 = 4*f + p, 16*f = 20*f + 5*p - 129088. What is the tens digit of f?
6
Suppose -4*s + 3 = -g - 1, 4*g = -3*s + 22. Suppose -g*z - 4*n = -7*n - 797, -3 = -3*n. What is the tens digit of z?
0
Let w = -17469 + 25947. What is the units digit of w?
8
Suppose 6*p - 42*p = -1872. Let k = -17 - -41. Suppose p = c - k. What is the tens digit of c?
7
Suppose -4*c - p = -6*p + 512, -c - p = 128. Let u = c + 460. What is the tens digit of u?
3
Let y = 2013 - -2250. What is the thousands digit of y?
4
What is the thousands digit of (-15 - -37 - 19) + (-3086 + -2)*-2?
6
Let d(n) = -14*n**2 + 4*n + 10. Let v be d(-4). Let u = v - -352. Suppose -w + 86 = -u. What is the units digit of w?
8
Let v(t) = 73*t**2 - 23*t + 60. Let y be v(5). Suppose 40*s = 37*s + y. What is the units digit of s?
0
Let q = -1686 - -7415. What is the thousands digit of q?
5
Let d(o) = 446*o + 806. What is the tens digit of d(11)?
1
Let v be (-3)/6*(2 + 1 + -7). Suppose v*f - 32 = 4*s - 4, 2*s + 6 = -3*f. What is the tens digit of (-2)/s - (-3563)/21?
7
Let h = -23 - -23. Suppose -z + 5*z = -3*i + 9, h = 3*z + 5*i - 4. Suppose 2*a = 4*v - 496, 21 - 392 = -z*v + a. What is the units digit of v?
3
Let d be (-23133)/(-22)*12/9. Let j = -355 + d. What is the units digit of j?
7
Let s be 124/44 - 2/(-11). Suppose -s*a - 3*a + 18 = 0. Suppose -a*u = 2*t + 4, -3*u = 4*t - u. What is the units digit of t?
1
Let p(k) = 45*k**3 + 4*k - 44*k**3 - k + 68 - 3*k**2 - 3*k**2 - 88. Suppose 0 = -2*w + 2*x + 18, -3 = -w - 4*x + 1. What is the hundreds digit of p(w)?
1
Suppose 11*f - 415338 = -11*f. Suppose 0 = 62*l - 41*l - f. What is the units digit of l?
9
Let q(g) = -49*g + 2. Let d be q(0). Suppose d*p = p + 20. What is the units digit of p?
0
Let x(v) be the first derivative of v**2/2 + 2*v - 3. Let a be x(0). What is the units digit of -15*1/(-2)*a?
5
Let f(d) = -69*d - 3. Let n = 9 + -12. Let s be f(n). Suppose -j + s = 2*j. What is the tens digit of j?
6
Suppose 34*z - 37*z + 8949 = 0. Let w = z + -2127. What is the tens digit of w?
5
Let a(l) be the third derivative of l**6/30 - 2*l**5/15 + 5*l**4/24 - 23*l**3/6 - 113*l**2. What is the tens digit of a(5)?
0
Suppose -3*m + 2*l + 16665 + 27622 = 0, -4*l - 44303 = -3*m. What is the ten thousands digit of m?
1
Suppose 3*b = s + 13971, 2*s - 23263 = 22*b - 27*b. What is the thousands digit of b?
4
Let c(i) = i**3 - 10*i**2 + 291*i + 26. What is the ten thousands digit of c(24)?
1
Suppose -3*z + 4*l = -31, -3*z + 3*l = -0*l - 30. Suppose 4234 = -z*j + 12*j + n, 4*n = -2*j + 2836. What is the thousands digit of j?
1
Suppose 4*p - 5*i + 356 = 4370, 5*p + 4*i - 4956 = 0. What is the units digit of p?
6
Let f(m) = -14*m - 9. Let g(c) = -c - 1. Let x(v) = 5*v + 21. Let k(r) = -4*g(r) - x(r). Let d be k(-11). What is the units digit of f(d)?
5
Suppose 4*a - 2*j = 10, -2*a - 10*j = -15*j + 7. Suppose 0 = -12*v + a*v + 3144. What is the units digit of v?
3
Suppose q - 103 = -1. Let k be q/(6/(-63)*-3). Suppose 6*z + z = k. What is the units digit of z?
1
Let j = -237 - -234. What is the units digit of (6100/(-80))/(((-6)/(-8))/j)?
5
Let u be (2 - (-15)/(-10))/(1/334). Let q = u - -123. What is the units digit of q?
0
Let o = -50 - 6. Let i be o/35*(-35)/2. Suppose -68 = -2*m + i. What is the units digit of m?
8
Let z = 22226 + -15656. What is the tens digit of z?
7
Suppose 4*i + i + 1700 = 0. Let g = 52 - i. Suppose 3*x + 2*x + 317 = 4*h, -5*h = -2*x - g. What is the tens digit of h?
7
Let b(x) = -x**3 + 33*x**2 + 16*x + 47. Let r be b(33). Let f = r + -356. What is the tens digit of f?
1
Let m(a) = 10*a**2 + 11*a - 5. Let o be m(-17). Suppose -17*v - o = -10382. What is the units digit of v?
2
Suppose 7*f - 10621 = -12*f. Let q = 1096 - f. What is the hundreds digit of q?
5
Suppose -80 = -z + 2*f + 172, 0 = 3*z - 5*f - 752. What is the units digit of z?
4
What is the units digit of -2 + -1*4 - 23/((-184)/72192)?
8
Suppose 139 = y - j, -4*y - 4*j = 45 - 633. Suppose 12*q = 217 + y. What is the tens digit of q?
3
Suppose -6*b + 70841 = 4*b - 15659. What is the thousands digit of b?
8
Let y = 80265 - 49021. What is the units digit of y?
4
Let a = 13 + -14. Let g = -325 + 467. What is the units digit of g - 1 - (a - -4)?
8
Let r = 1989 - 827. Suppose 0*l + 3*l - 4648 = -4*o, o - r = 3*l. What is the units digit of o?
2
Suppose w + 2*w - 3 = 0, 0 = -2*u + 3*w + 55. Let s = -27 + u. Suppose -2*t + 5*p + 331 - 95 = 0, 0 = -s*p - 4. What is the tens digit of t?
1
Let f = -9494 - -32942. What is the units digit of f?
8
Suppose -4*j - 11 = -0*y + y, -2*j - 5*y = -17. Let z = 9 + j. Suppose z*k - 716 + 121 = 0. What is the units digit of k?
9
What is the thousands digit of (30/60)/((-5)/(-30190))?
3
Let g(v) = 2*v + 1. Let q(u) = -112*u + 84. Let w(n) = -40*g(n) - 2*q(n). What is the hundreds digit of w(14)?
8
Let t = 3 + -6. Let w(i) = -2*i**3 - 4*i**2 + 8*i + 4. Let q(v) = -6*v**3 - 9*v**2 + 17*v + 8. Let h(m) = 3*q(m) - 7*w(m). What is the tens digit of h(t)?
2
Let c(x) = 151*x**3 + 2*x**2 - 9*x - 2. What is the tens digit of c(2)?
9
Let p = 273 - -411. Suppose 7*w = 282 + p. What is the tens digit of w?
3
Let t(q) = -54*q + 48 - 70 + 33 - q**2. What is the units digit of t(-39)?
6
Suppose -2*a = -p + 5*p - 296, a = -3*p + 145. Suppose -6*j = -a - 5288. What is the tens digit of j?
0
Let i(f) = 204*f**2 + 323*f - 1961. What is the hundreds digit of i(6)?
3
Let s(a) = 624*a**2 + 1325*a - 3. What is the hundreds digit of s(6)?
4
Let o = 9184 + -2024. What is the thousands digit of o?
7
Suppose 0 = 6*y - 15 - 3. Let t(p) = -p - 1. Let g(m) = -6*m**2 - 5*m - 6. Let j(u) = -g(u) + 6*t(u). What is the units digit of j(y)?
1
Let y(k) = -6*k + 73. Let x be y(-14). Let t = 159 - x. Suppose -a + 287 = t*o, -5*a + o - 3*o + 1443 = 0. What is the hundreds digit of a?
2
What is the tens digit of 2011 - 138 - (14 + -2)?
6
Let h = 11286 + 53666. What is the hundreds digit of h?
9
Let l be -4*((-9)/12 + 0). Suppose -4*c - c = -20, -l*k - 4*c + 22 = 0. Let z(r) = 75*r - 13. What is the tens digit of z(k)?
3
Suppose 1618201 = 93*h - 564137. What is the tens digit of h?
6
Suppose 3477 = -4*w + 5*y, 0*w - y - 2584 = 3*w. What is the hundreds digit of w/(-6) - (-1)/6?
1
Let j = 950 - 674. What is the tens digit of 1/3*(j + 9)?
9
Suppose 5*x + 14329 = 2*a, 6*x - 8*x = -5*a + 35833. What is the units digit of a?
7
Suppose 51*p - 8811 = -47*p + 95*p. What is the thousands digit of p?
2
What is the units digit of ((-503816)/(-6))/2 + (-3360)/2016?
3
W